69 - (-319 + 331 - (16 + -2))?
71
Evaluate -3 - -3 - ((-18 - -53) + -2 - 12).
-21
What is the value of (2 - (-19 + -1)) + (44 - (-6 + 48))?
24
Evaluate (3 - -2) + -2 + (-1 + -4 - 3) + 26.
21
What is the value of -53 - (-5 - 52) - (20 - -1)?
-17
What is 5 + 116 + (12 + 2 - 46)?
89
What is (11 - 8) + 33 + -17 + -35?
-16
Calculate -113 - ((29 - -35 - 39) + -26).
-112
What is the value of 36 + (20 - (112 + -40))?
-16
What is the value of (82 + -135 - -47) + 25 + 1 - 53?
-33
What is 3 - 19 - (54 - -16 - -29 - (7 + -9))?
-117
Evaluate -85 - (22 + (8 - -3 - (-69 + 92))).
-95
What is -13 + -8 + 6 + (17 - (26 + -17))?
-7
What is -19 + (-43 - -51 - -2) + 1 + -4?
-12
Calculate -224 + 98 + 155 - (-2 - (16 - 2)).
45
Evaluate 25 + -12 + -48 + -5 + 4.
-36
Calculate (1 - -36) + 12617 + -12636.
18
-31 - (16 + 2 + -35) - 1
-15
What is the value of ((20 - (-6 - -15) - 11) + -70 - -4) + -13?
-79
Evaluate -2 + 13 - (14 + (-1 - (-10 - -3) - 45)).
36
What is -308 + 255 - (-27 - -32 - (-13 + 0))?
-71
What is the value of 9 - (-43 - -93 - 17)?
-24
-34 + -25 + 66 + 18 + -1
24
Calculate -36127 + 36118 - (19 - ((1 - 2) + 1)).
-28
Evaluate 76 + -36 + -6 + 10 + -2 + 10.
52
Calculate -56 - (-104 + 9 + 33).
6
Calculate -13 + (16 - -22) + (-5 - (2 - 10)).
28
28 - (-69 - -9 - -32)
56
Evaluate -5 - (-135 - (-3 - 59) - (1 + -3 + 15)).
81
What is the value of 32 + -28 - (-1 + -2 - 13) - (3 - -1)?
16
14 + (25 - 4 - (103 - 78))
10
9 - (3 + -3 + 6) - 0
3
What is (1 - 19) + 0 + 1 + -4050 + 3992?
-75
What is -43 - (0 + -10 + -12)?
-21
Calculate 91 - 40 - (65 + 46).
-60
What is the value of 4 - (3 + (18 - 1) + (4 - (-11 - -8)))?
-23
What is -2 - (-1 - 10 - (575 + -581))?
3
Calculate 38 - (-16 + -19 + 103).
-30
71 + -65 + 55 - (-6 + 1 + 4 - -15)
47
(-1 - 3 - -2) + 1 + 16 + (106498 - 106513)
0
What is 29 - (-10 + -1 + 25 + 9 + (-14 - -2))?
18
Evaluate (-1 - (6 + 4) - 3) + (5 - 4).
-13
Evaluate 48 + -102 + 48 - -56.
50
Calculate -10 - (-91 + 179 - -9).
-107
What is -154 + -54 + 53 + 69?
-86
Calculate 2457 - 2359 - (97 + -3).
4
Calculate -45 + (-9 - 12) + 25.
-41
-4 + -24 - (-1 - (-27 - (4 - 46)))
-12
What is the value of 93 + 56 - 126 - -16?
39
Evaluate -84 + 91 - (10 - -2) - 5 - 33.
-43
Evaluate -4 - (0 - -106) - (-51 - (-18 - 37)).
-114
Evaluate -8 - -7 - ((7 - -27) + -82).
47
What is ((-44 - -33) + -15 - 5) + 4?
-27
17 + ((-29 - -14) + 13 + 7 - 103)
-81
What is the value of 2 - (68 - 56) - (0 + 4)?
-14
What is (-5 - 1) + (22 - (-3 + -47) - (4 - 10))?
72
What is (3 - -29) + 20 + -23?
29
Evaluate -94 + (67 - (19 + -40)).
-6
What is -49 + -58 - (-60 + 4)?
-51
What is -91 - (-8 + (-15 - -69))?
-137
Evaluate -35 + 199 + -173 - (0 + 34).
-43
Calculate -73 - ((-12 + -2 - 19) + 26).
-66
What is the value of 24 - 60 - (6 + (0 - -21))?
-63
What is -2 + -9 + -2 + (-5359 - -5354)?
-18
Calculate (5 + -1 - -98) + -60 + 2 + 40.
84
(61 - (5 + -6) - -6 - 3) + -24 + 21
62
What is the value of -31 + -3 + (-1 - 0) - (128 - (32 + 85))?
-46
Calculate (-35 + -11 - -63) + 12.
29
What is the value of 49 + (21 - (-2 + 12) - -3) + -4 + -14?
45
Evaluate 261 - 264 - (-9 - (-14 + 7)).
-1
Calculate 15 + -24 + 2 + 27 + -6.
14
Evaluate -66 + (38 - -23) + (-1 - -85) - 9.
70
Calculate 29 + (2 - 126) + 153.
58
Evaluate -19 - (-5 + -22) - (20 + 6).
-18
Evaluate -1 - 8 - -11 - (-48 + -9).
59
What is (-3733 - -3696) + (-23 + 3 - -1)?
-56
What is the value of -5 + (-31 - -32 - (11 + 28))?
-43
Calculate 8 + -3 + 1 - 52 - (-1 - (-17 + 17)).
-45
What is the value of (4 - (4 - (-2 - -9))) + -3 - (127 - 18)?
-105
What is 22 + (3 - (-2 - 0)) + (4 - (23 - 9))?
17
10 + (48 - 24 - 22) + 4 + -4
12
Calculate 23 - 43 - -33 - 8 - (2 - 13).
16
Calculate -90 + 126 + (2 + -31 - -9) + (-2 - -1).
15
26 + -64 + (-15 - -2)
-51
Calculate (-75 - 5) + (-1 - -29) + -2.
-54
Evaluate -20 - (4 + 3 + -33) - 25.
-19
Evaluate 66 + -27 + -3 - (-6 - (-1 - 0)).
41
Calculate -19 - -14 - (1 + (-8 - -14 - 8) + 105).
-109
(58 + -17 - 41) + (24 - 172)
-148
Calculate -7 + (-32 - -3) - -15.
-21
What is (-40 - 15) + 6 - -65?
16
What is (70 - -1) + (2 - 8 - (-190 + 165)) + -16?
74
1 + 0 + 1 - -7 - (-39 + -2 + 0)
50
What is 33 - 1 - (-48 + (119 - 70))?
31
(-51 + 12 - -18) + -18
-39
-10 - (38 - (-26 - -42))
-32
Evaluate 15 + -32 - 12 - -16 - -89.
76
What is the value of -66 - (74 + -49 - 46)?
-45
Calculate (2 - -25) + 1496 + -1533.
-10
What is -1589 - -1591 - (1 - -11) - (-2 - 0 - -55)?
-63
Calculate -25 + 23 + 47 - (132 + -95).
8
Calculate (-60 - 6) + 0 + (724 - 750).
-92
What is the value of (1 - (12 + -4)) + (17 - -14 - 16)?
8
Evaluate -123 + (102 - 33) - (6 - (1 + -6 - -3)).
-62
-38 + (129 - 118) - 69
-96
What is the value of -33 + (29 - -3 - 30) + 110?
79
What is -3 + -4 + 3 + -4 - (143 + -136)?
-15
42 - (-16 + 9 + -3 + 19)
33
What is the value of 4 - ((3 - 1) + 3 + -3 + -15 + 4)?
13
What is the value of 230 - (97 + 38 + -19)?
114
What is 10 - (-1 + 28 - (30 + -16 + -38 + 28))?
-13
What is -594 - -655 - (-5 + 22)?
44
(1 - 62) + 1352 + -1332
-41
-3 - (-51 - 4) - -1 - (33 - (34 + -6))
48
What is (778 - 682) + (-174 - 11)?
-89
Evaluate (-2104 - -2144) + 100 + 3.
143
Evaluate (39 - 20) + -24 + (139 - (-3 + 4)) - 8.
125
What is (19 + 11 - -89) + -77?
42
Calculate (99 - 83 - (-2 - -5) - -2) + -28.
-13
Evaluate (-592 - -569 - (2 - 80)) + 3 + (1 - 1).
58
What is (-175 - -77) + 61 - 43?
-80
Evaluate -14 + 3 - (33 + -21 - 10) - 10.
-23
Evaluate 28 + (65 - -15) - 193.
-85
What is 3 + -4 + 0 - (48 - -7 - 45)?
-11
What is the value of (-119 - -80) + -23 + 95?
33
What is (31 - -12) + -52 + 40?
31
What is the value of 0 + (-3 + 30 - 18) + 10 + -1?
18
What is the value of ((14 + -14 - -25) + -23 - -40) + 0 + 1?
43
41 + -16 - 14 - (17 + 26)
-32
Calculate 29 + (2 - 1) + 12255 + -12224.
61
What is the value of -57 + -52 + 136 + 70?
97
-83 + (61 - 106 - -128)
0
Calculate (-104 - -98) + (-45 - 1).
-52
What is the value of (-11 + -23 - -24) + -16 - -66?
40
25 + 2 - (-8 + 18 + 15 + -20)
22
What is the value of -63 + 3 - (16 - (11 + 23))?
-42
What is -7 + -25 - -100 - (-9 - (-1 + 3))?
79
What is (43 - 4 - (-5 + 44)) + 53?
53
What is 9 + -1 + (-12 - (-17 - 6) - 15)?
4
What is 0 + -34 + 39 + 1?
6
What is -56 - (-124 + 55) - -35?
48
What is the value of (5 - -48) + (1 - 3 - (-16 + 6 + -1))?
62
What is 41 + (24 - 83) + (-4 - 2)?
-24
What is 1 + 19 - ((-1 - (0 + -25)) + (4265 - 4281))?
12
What is the value of -7 + -4 + (6 - ((1 - (1 + -2)) + -56))?
49
Calculate 16 + -25 + (30 - 1) - -9.
29
21 + 29 + -12 + -74
-36
Calculate (-999 - -1072) + 15 + 0 + -6 + (-2 - -4).
84
Evaluate 20 + 7 + 67 + -34.
60
Evaluate -37 - (-34 + (-7 - -20)) - -34.
18
Evaluate 5 + (5 - (-19 + 5 - -15)).
9
1 + -9 + -1 + (36 - (111 - 74)) + 57
47
What is 16 + (136 - 141 - (-68 + 6))?
73
Evaluate 9 + (31 - (22 + 25)) + (-1 - -62).
54
Evaluate ((3 - 23) + 36 - 15) + -4.
-3
Evaluate (125 - -95 - 283) + 0 + -1 + -18.
-82
Evaluate 5 - (21 + -8 - (3 + 12)).
7
What is the value of 16 - 112 - 18 - (142 + -159)?
-97
Evaluate 12 + -6 + (14 - 1 - 29).
-10
Evaluate 27 - (-13 + 25 + 5) - (3 + -10 + 5).
12
What is the value of (-19 - (-15 + -1)) + (-7 - -10) + 1?
1
Calculate (20 - ((11 - -8) + -51)) + -14.
38
Evaluate (-1 - -3) + 8 + (1589 - 1597).
2
What is the value of 52 + (60 - 52) + -107?
-47
What is the value of -3 + (76 - 0) + 12 + 0 + -6 + -6?
73
(156 - 144 - (-2 - -18)) + -2 + 5
-1
What is the value of -10 - ((-2 - -9) + (1 - -9) - 15)?
-12
4 - (6 - (104 - 79 - (-3 - (-7 + -3))))
16
Calculate 62 - 0 - ((7 - (23 - 15 - 4)) + -2).
61
Calculate (0 - 21 - (243 - 255)) + (4 - -1) + 102.
98
-27 + -16 - (-172 + -5)
134
-3 - -2 - (18 - 13) - (37 - (36 - 8))
-15
What is the value of 51 + (-14 - 11) + (3 + -3 - 7) + -3?
16
What is the value of -117 + 67 - (-13 + 14) - -8?
-43
What is -294 + 266 - (-6 + -35)?
13
Evaluate 2 + -10 + (0 - 21) + 6.
-23
Calculate -10 + -14 + (1 + -5 - (75 - -15)).
-118
(7 - (9 + -32)) + -13
17
What is the value of (2761 - 2726) + 0 + -73?
-38
What is the value of (-54 - (37 + -93)) + -14 + 1 + 0?
-11
What is the value of 21 + (1 - (-2 - 7)) - ((6 - 11) + 6)?
30
Evaluate 13 + (-26 - (29 - (112 + 3))).
73
-11 + -20 + (-5 + 6 - -6) - -6
-18
Calculate -3 + (0 - (-3 - 1)) + 22 + 8 + 4.
35
What is -35 + 47 + 5 + 16 + -22?
11
Calculate 194 - 172 - (-4 - -40).
-14
What is 1 - -5 - (32 + 205 + -253)?
22
What is 